of 1349838?
8
What is the tens digit of 299364?
6
What is the tens digit of 35829?
2
What is the hundreds digit of 57566?
5
What is the ten thousands digit of 25354?
2
What is the tens digit of 2175300?
0
What is the millions digit of 2893561?
2
What is the thousands digit of 9242720?
2
What is the units digit of 137990?
0
What is the hundred thousands digit of 1319665?
3
What is the thousands digit of 6357468?
7
What is the hundreds digit of 8600304?
3
What is the hundred thousands digit of 2783426?
7
What is the hundred thousands digit of 167390?
1
What is the ten thousands digit of 748664?
4
What is the tens digit of 2894469?
6
What is the hundreds digit of 16188080?
0
What is the hundreds digit of 228457?
4
What is the ten thousands digit of 11450905?
5
What is the units digit of 1357143?
3
What is the ten thousands digit of 20568906?
6
What is the units digit of 861885?
5
What is the thousands digit of 6075924?
5
What is the tens digit of 16997465?
6
What is the hundred thousands digit of 194739?
1
What is the hundreds digit of 217443?
4
What is the tens digit of 537192?
9
What is the tens digit of 247084?
8
What is the units digit of 2514696?
6
What is the units digit of 6275517?
7
What is the units digit of 3690506?
6
What is the hundreds digit of 1920914?
9
What is the units digit of 3058001?
1
What is the hundreds digit of 6270823?
8
What is the thousands digit of 10744714?
4
What is the tens digit of 460027?
2
What is the ten thousands digit of 14791068?
9
What is the units digit of 866145?
5
What is the ten thousands digit of 177610?
7
What is the millions digit of 4369860?
4
What is the hundred thousands digit of 2643304?
6
What is the tens digit of 10510514?
1
What is the tens digit of 1795100?
0
What is the thousands digit of 3412782?
2
What is the tens digit of 68982?
8
What is the millions digit of 9259813?
9
What is the thousands digit of 4592583?
2
What is the hundred thousands digit of 2076546?
0
What is the thousands digit of 45110?
5
What is the thousands digit of 5690181?
0
What is the tens digit of 1866494?
9
What is the units digit of 856803?
3
What is the hundreds digit of 145509?
5
What is the hundreds digit of 5113176?
1
What is the units digit of 5048320?
0
What is the tens digit of 144091?
9
What is the thousands digit of 467124?
7
What is the thousands digit of 83612?
3
What is the units digit of 150994?
4
What is the hundreds digit of 8388880?
8
What is the thousands digit of 1008113?
8
What is the tens digit of 2692051?
5
What is the hundreds digit of 3654482?
4
What is the hundred thousands digit of 16459799?
4
What is the thousands digit of 157658?
7
What is the tens digit of 2808990?
9
What is the hundred thousands digit of 5516888?
5
What is the tens digit of 6505262?
6
What is the ten thousands digit of 3762090?
6
What is the units digit of 1531844?
4
What is the thousands digit of 3116904?
6
What is the units digit of 874936?
6
What is the hundreds digit of 3667411?
4
What is the tens digit of 11387368?
6
What is the units digit of 6441083?
3
What is the tens digit of 2267824?
2
What is the tens digit of 57265?
6
What is the thousands digit of 61893?
1
What is the hundreds digit of 9907194?
1
What is the units digit of 6442743?
3
What is the tens digit of 7891413?
1
What is the millions digit of 5635506?
5
What is the hundreds digit of 32444?
4
What is the tens digit of 35702?
0
What is the ten thousands digit of 282219?
8
What is the ten thousands digit of 48525?
4
What is the ten millions digit of 14701924?
1
What is the ten thousands digit of 1135185?
3
What is the ten thousands digit of 164678?
6
What is the hundred thousands digit of 1436677?
4
What is the thousands digit of 1453040?
3
What is the units digit of 1832368?
8
What is the hundreds digit of 1131669?
6
What is the ten thousands digit of 231901?
3
What is the units digit of 6109153?
3
What is the thousands digit of 357049?
7
What is the hundreds digit of 1597417?
4
What is the units digit of 307514?
4
What is the hundred thousands digit of 435833?
4
What is the thousands digit of 5768360?
8
What is the tens digit of 6719407?
0
What is the ten thousands digit of 1717001?
1
What is the hundred thousands digit of 3313592?
3
What is the hundred thousands digit of 23002622?
0
What is the thousands digit of 5188655?
8
What is the ten thousands digit of 15351601?
5
What is the thousands digit of 251013?
1
What is the ten thousands digit of 105460?
0
What is the tens digit of 122013?
1
What is the thousands digit of 286013?
6
What is the tens digit of 12506014?
1
What is the millions digit of 1044105?
1
What is the hundred thousands digit of 188598?
1
What is the millions digit of 8882734?
8
What is the units digit of 1064657?
7
What is the hundreds digit of 329775?
7
What is the ten thousands digit of 5450245?
5
What is the units digit of 1068435?
5
What is the hundreds digit of 841156?
1
What is the units digit of 1841236?
6
What is the ten thousands digit of 1114473?
1
What is the ten thousands digit of 2136584?
3
What is the units digit of 455167?
7
What is the tens digit of 869348?
4
What is the hundreds digit of 19689?
6
What is the ten thousands digit of 186412?
8
What is the ten thousands digit of 690099?
9
What is the units digit of 219881?
1
What is the units digit of 698830?
0
What is the tens digit of 334673?
7
What is the tens digit of 2147273?
7
What is the thousands digit of 89981?
9
What is the tens digit of 1484741?
4
What is the thousands digit of 206936?
6
What is the hundreds digit of 1609834?
8
What is the millions digit of 10815925?
0
What is the millions digit of 2737448?
2
What is the units digit of 590381?
1
What is the ten thousands digit of 873179?
7
What is the tens digit of 583388?
8
What is the hundreds digit of 262925?
9
What is the ten thousands digit of 4295838?
9
What is the thousands digit of 843352?
3
What is the units digit of 905306?
6
What is the hundreds digit of 177405?
4
What is the ten millions digit of 20545183?
2
What is the thousands digit of 3385984?
5
What is the tens digit of 515898?
9
What is the thousands digit of 2093071?
3
What is the units digit of 13394432?
2
What is the units digit of 6940611?
1
What is the units digit of 20326013?
3
What is the ten thousands digit of 130670?
3
What is the hundreds digit of 168232?
2
What is the millions digit of 7734309?
7
What is the hundred thousands digit of 13238594?
2
What is the thousands digit of 8835889?
5
What is the tens digit of 1096571?
7
What is the hundred thousands digit of 101627?
1
What is the millions digit of 13801163?
3
What is the hundreds digit of 27655094?
0
What is the units digit of 283561?
1
What is the tens digit of 231024?
2
What is the hundred thousands digit of 5057050?
0
What is the units digit of 1481972?
2
What is the tens digit of 2114106?
0
What is the hundred thousands digit of 1407711?
4
What is the hundreds digit of 295202?
2
What is the ten thousands digit of 398761?
9
What is the hundred thousands digit of 3023208?
0
What is the millions digit of 25738716?
5
What is the tens digit of 84348?
4
What is the hundred thousands digit of 2001769?
0
What is the thousands digit of 24325944?
5
What is the hundred thousands digit of 3895165?
8
What is the hundreds digit of 2483698?
6
What is the hundreds digit of 711865?
8
What is the ten thousands digit of 3527420?
2
What is the tens digit of 3748996?
9
What is the tens digit of 4522967?
6
What is the tens digit of 14913153?
5
What is the millions digit of 3524670?
3
What is the ten thousands digit of 655812?
5
What is the millions digit of 5488231?
5
What is the tens digit of 76493?
9
What is the ten thousands digit of 225554?
2
What is the units digit of 2031971?
1
What is the ten thousands digit of 15188423?
8
What is the ten thousands digit of 7802402?
0
What is the tens digit of 8398923?
2
What is the thousands digit of 444337?
4
What is the ten thousands digit of 58349?
5
What is the tens digit of 456741?
4
What is the hundreds digit of 14235699?
6
What is the tens digit of 647296?
9
What is the tens digit of 17624732?
3
What is the millions digit of 2091484?
2
What is the thousands digit of 1842805?
2
What is the tens digit of 826611?
1
What is the ten thousands digit 